{"id":7,"date":"2018-12-04T08:25:08","date_gmt":"2018-12-04T08:25:08","guid":{"rendered":"https:\/\/emttarge.com\/site\/?page_id=7"},"modified":"2018-12-23T07:30:16","modified_gmt":"2018-12-23T07:30:16","slug":"hizmetler","status":"publish","type":"page","link":"https:\/\/emttarge.com\/site\/hizmetler\/","title":{"rendered":"Hizmetlerimiz"},"content":{"rendered":"<div id=\"body\" class=\"subdivisions\">\n<div>\n<h5 style=\"text-align: center;\"><a href=\"https:\/\/emttarge.com\/site\/hizmetler\/des-ve-modelleme\/\">Do\u011fru ak\u0131m \u00f6zdiren\u00e7 verilerinin modellenmesi (d\u00fcz ve ters \u00e7\u00f6z\u00fcm) i\u00e7in yaz\u0131l\u0131m<\/a><\/h5>\n<table style=\"width: 100%; border-collapse: collapse; height: 152px;\" border=\"0\">\n<tbody>\n<tr style=\"height: 152px;\">\n<td style=\"width: 50%; height: 152px;\">dc1d\u00a0 : Schlumberger dizilimi ile toplanan verilerin tabakal\u0131 ortam i\u00e7in\u00a0ters \u00e7\u00f6z\u00fcm\u00fcn\u00fc yapmaktad\u0131r.<\/p>\n<p>dc2d\u00a0 : Schlumberger dizilimi ile toplanan verilerin 2-boyutlu ters \u00e7\u00f6z\u00fcm\u00fcn\u00fc yapmaktad\u0131r.<span style=\"font-family: inherit; font-weight: inherit;\">dc3d\u00a0 : istenilen bir dizilim i\u00e7in g\u00f6zlemlenebilir verilerin eldesi i\u00e7in d\u00fcz \u00e7\u00f6z\u00fcm yapmaktad\u0131r.<\/span><\/p>\n<p>Veri toplama konusunda ek bilgi i\u00e7in <a href=\"https:\/\/emttarge.com\/site\/des\/\">t\u0131klay\u0131n\u0131z<\/a><\/td>\n<td style=\"width: 50%; height: 152px;\"><a href=\"https:\/\/emttarge.com\/site\/des\/\"><img loading=\"lazy\" decoding=\"async\" class=\"alignnone wp-image-48 size-full\" src=\"https:\/\/emttarge.com\/site\/wp-content\/uploads\/2018\/12\/2Dsection2.png\" alt=\"\" width=\"240\" height=\"142\" \/><\/a><\/td>\n<\/tr>\n<\/tbody>\n<\/table>\n<h5 style=\"text-align: center;\"><a href=\"https:\/\/emttarge.com\/site\/masw-ve-modelleme\/\">Y\u00fczey dalgalar\u0131n\u0131 tabakal\u0131 ortam i\u00e7in modelleme<\/a><\/h5>\n<table style=\"width: 100%; border-collapse: collapse; height: 272px;\" border=\"0\">\n<tbody>\n<tr style=\"height: 272px;\">\n<td style=\"width: 50%; height: 272px;\">MASW y\u00f6ntemi ile toplanan verilerin tabakal\u0131 ortam i\u00e7in\u00a0ters \u00e7\u00f6z\u00fcm\u00fcn\u00fc yapmaktad\u0131r<\/td>\n<td style=\"width: 50%; height: 272px;\">\n<p><figure id=\"attachment_72\" aria-describedby=\"caption-attachment-72\" style=\"width: 220px\" class=\"wp-caption alignnone\"><a href=\"https:\/\/emttarge.com\/site\/hizmetler\/masw\/\"><img loading=\"lazy\" decoding=\"async\" class=\"wp-image-72 size-full\" src=\"https:\/\/emttarge.com\/site\/wp-content\/uploads\/2018\/12\/masw.png\" alt=\"Faz h\u0131z\u0131 -frekans \" width=\"220\" height=\"270\" \/><\/a><figcaption id=\"caption-attachment-72\" class=\"wp-caption-text\">Dispersiyon<\/figcaption><\/figure><\/td>\n<\/tr>\n<\/tbody>\n<\/table>\n<div>\n<h5>\u00a0<a href=\"https:\/\/emttarge.com\/site\/hizmetler\/gravite-modelleme\/\">Gravite verilerini modelleme<\/a><\/h5>\n<table style=\"height: 152px; width: 100%; border-collapse: collapse;\" border=\"0\">\n<tbody>\n<tr style=\"height: 152px;\">\n<td style=\"width: 50%; height: 152px;\">Geli\u015ftirdi\u011fimiz yaz\u0131l\u0131mlar gravite verilerinin 2 ve 3 boyutlu modellemesi ve ters \u00e7\u00f6z\u00fcm\u00fcn\u00fc yapmaktad\u0131r.<\/td>\n<td style=\"width: 50%; height: 152px;\"><img loading=\"lazy\" decoding=\"async\" class=\"alignnone size-full wp-image-68\" src=\"https:\/\/emttarge.com\/site\/wp-content\/uploads\/2018\/12\/gzobs.png\" alt=\"\" width=\"228\" height=\"159\" \/><\/td>\n<\/tr>\n<\/tbody>\n<\/table>\n<h5><a href=\"https:\/\/emttarge.com\/site\/elektrot-2\/\">kutupla\u015fmayan Elektrot \u00fcretimi<\/a><\/h5>\n<\/div>\n<\/div>\n<table style=\"width: 100%; border-collapse: collapse; height: 213px;\" border=\"0\">\n<tbody>\n<tr style=\"height: 213px;\">\n<td style=\"width: 50%; height: 213px;\">MT, SP ve IP \u00f6l\u00e7\u00fcm \u00e7al\u0131\u015fmalar\u0131nda kullan\u0131labilecek polarize olmayan (u\u00e7la\u015fmayan) elektrotlar\u0131 farkl\u0131 t\u00fcrlerde \u00fcretiyoruz.<\/td>\n<td style=\"width: 50%; height: 213px;\"><img loading=\"lazy\" decoding=\"async\" class=\"alignnone size-full wp-image-74\" src=\"https:\/\/emttarge.com\/site\/wp-content\/uploads\/2018\/12\/non_polarize_elektrot.png\" alt=\"\" width=\"250\" height=\"189\" \/><\/td>\n<\/tr>\n<\/tbody>\n<\/table>\n<h5>MT zaman serilerinin i\u015flenmesi<\/h5>\n<table style=\"height: 148px; width: 100%; border-collapse: collapse;\" border=\"0\">\n<tbody>\n<tr style=\"height: 148px;\">\n<td style=\"width: 50%; height: 148px;\">Gerek &#8220;remote reference&#8221; gerekse tek nokta veri kullanarak MT y\u00f6nteminde \u00f6l\u00e7\u00fclen zaman serilerinden empedans eldesi yap\u0131labilir.<\/td>\n<td style=\"width: 50%; height: 148px;\"><img loading=\"lazy\" decoding=\"async\" class=\"alignnone size-full wp-image-78\" src=\"https:\/\/emttarge.com\/site\/wp-content\/uploads\/2018\/12\/ts1.png\" alt=\"\" width=\"206\" height=\"139\" \/><\/td>\n<\/tr>\n<\/tbody>\n<\/table>\n<h5><strong><span style=\"font-size: 1.14286rem;\">Dan\u0131\u015fmanl\u0131k<\/span><\/strong><\/h5>\n<div>\n<table style=\"width: 100%; border-collapse: collapse;\" border=\"0\">\n<tbody>\n<tr>\n<td style=\"width: 50%;\">Elektrik ve Elektromanyetik y\u00f6ntemlerin alanda uygulanmas\u0131ndan verilerinin yorumlanmas\u0131 a\u015famalar\u0131na kadar hizmetimiz s\u00fcrmektedir.<\/td>\n<td style=\"width: 50%;\"><img loading=\"lazy\" decoding=\"async\" class=\"alignnone size-full wp-image-76\" src=\"https:\/\/emttarge.com\/site\/wp-content\/uploads\/2018\/12\/subdivision4.png\" alt=\"\" width=\"270\" height=\"200\" \/><\/td>\n<\/tr>\n<\/tbody>\n<\/table>\n<\/div>\n<\/div>\n<div id=\"footer\">\n<div><\/div>\n<\/div>\n","protected":false},"excerpt":{"rendered":"<p>Do\u011fru ak\u0131m \u00f6zdiren\u00e7 verilerinin modellenmesi (d\u00fcz ve ters \u00e7\u00f6z\u00fcm) i\u00e7in yaz\u0131l\u0131m dc1d\u00a0 : Schlumberger dizilimi ile toplanan verilerin tabakal\u0131 ortam i\u00e7in\u00a0ters \u00e7\u00f6z\u00fcm\u00fcn\u00fc yapmaktad\u0131r. dc2d\u00a0 : Schlumberger dizilimi ile toplanan verilerin 2-boyutlu ters \u00e7\u00f6z\u00fcm\u00fcn\u00fc yapmaktad\u0131r.dc3d\u00a0 : istenilen bir dizilim i\u00e7in g\u00f6zlemlenebilir verilerin eldesi i\u00e7in d\u00fcz \u00e7\u00f6z\u00fcm yapmaktad\u0131r. Veri toplama konusunda ek bilgi i\u00e7in t\u0131klay\u0131n\u0131z Y\u00fczey dalgalar\u0131n\u0131 &hellip; <\/p>\n<p class=\"link-more\"><a href=\"https:\/\/emttarge.com\/site\/hizmetler\/\" class=\"more-link\">Okumaya devam et<span class=\"screen-reader-text\"> &#8220;Hizmetlerimiz&#8221;<\/span><\/a><\/p>\n","protected":false},"author":1,"featured_media":0,"parent":0,"menu_order":0,"comment_status":"closed","ping_status":"closed","template":"","meta":{"footnotes":""},"class_list":["post-7","page","type-page","status-publish","hentry"],"_links":{"self":[{"href":"https:\/\/emttarge.com\/site\/wp-json\/wp\/v2\/pages\/7","targetHints":{"allow":["GET"]}}],"collection":[{"href":"https:\/\/emttarge.com\/site\/wp-json\/wp\/v2\/pages"}],"about":[{"href":"https:\/\/emttarge.com\/site\/wp-json\/wp\/v2\/types\/page"}],"author":[{"embeddable":true,"href":"https:\/\/emttarge.com\/site\/wp-json\/wp\/v2\/users\/1"}],"replies":[{"embeddable":true,"href":"https:\/\/emttarge.com\/site\/wp-json\/wp\/v2\/comments?post=7"}],"version-history":[{"count":18,"href":"https:\/\/emttarge.com\/site\/wp-json\/wp\/v2\/pages\/7\/revisions"}],"predecessor-version":[{"id":405,"href":"https:\/\/emttarge.com\/site\/wp-json\/wp\/v2\/pages\/7\/revisions\/405"}],"wp:attachment":[{"href":"https:\/\/emttarge.com\/site\/wp-json\/wp\/v2\/media?parent=7"}],"curies":[{"name":"wp","href":"https:\/\/api.w.org\/{rel}","templated":true}]}}